emainder when l is divided by s.
9
Suppose 18*a = -6*a + 168. What is the remainder when 47/3 - (-1)/3 is divided by a?
2
Let q(b) = -b**2 - 24 + 2*b**2 + 3*b + 17. Suppose -c = -0*c - 4. Calculate the remainder when q(-6) is divided by c.
3
Let w = 60 + -46. What is the remainder when 35 is divided by w?
7
Let z(s) = -s + 1. Let t be z(-8). What is the remainder when 10 is divided by 5 + (-3)/(t/6)?
1
Suppose -113 = -6*p + 205. What is the remainder when p is divided by 18?
17
Suppose -192*i = -197*i + 45. What is the remainder when 26 is divided by i?
8
What is the remainder when 100 is divided by 64*1/2 + 2?
32
Let s be (-2 + 3 + -31)/(-1). Suppose 3*v - 2*g = 18, 3*v + 2*g - s = -0*g. What is the remainder when 23 is divided by v?
7
Suppose 0 = -5*c - 2*h + 5, -8 = 4*c + 4*h - 0. What is the remainder when (c + (-37)/(-2))*2 is divided by (44/(-8))/((-1)/4)?
21
Suppose 3*j = 3 - 0. What is the remainder when 35*j + -1 + -1 is divided by 9?
6
Let f = 3 + -1. Suppose 4 = -m, 4*u - f*m = 3*m + 32. What is the remainder when 8 is divided by u?
2
Suppose 0 = -5*i + 140 + 30. Suppose -2 = -3*o + a + 15, -2*a = -2*o + 18. Let g = 22 - o. Calculate the remainder when i is divided by g.
16
Let r = -12 + 30. Calculate the remainder when 52 is divided by r.
16
Let t(m) = -m + 10. Let a be t(10). Suppose -3*b + 76 = -2*l, 3 = 3*l - a. What is the remainder when 75 is divided by b?
23
Let t(u) = -13*u + 2. Let s be t(5). Let v = 98 + s. What is the remainder when v is divided by 19?
16
Suppose 0 = -3*k + 123 - 12. What is the remainder when k is divided by 13?
11
Let v(u) = -u + 1. Let w(d) = 3*d - 5. Let q(c) = 4*v(c) + w(c). What is the remainder when 10 is divided by q(-7)?
4
Let v(i) = -i**3 + 8*i**2 - i - 4. Suppose 29 = 4*c - 43. Suppose 21 = 3*j - c. Calculate the remainder when v(3) is divided by j.
12
Calculate the remainder when 88 is divided by (-221)/(-7) - (152/(-28) + 5).
24
Let j(w) = -w**2 - 9*w - 5. Suppose -3*t - 28 = -7. Let p be j(t). Suppose 40 = 2*z + 4*g, -z + 4 + p = -5*g. What is the remainder when 35 is divided by z?
17
Suppose -z - z = 5*v + 5, 2*z + 9 = -v. What is the remainder when -3 - (v - 1) - -23 is divided by 7?
6
Let u(c) = -17*c. Let f(a) = -3*a**2 + 5*a**2 - a**3 - 1 + 2*a**2. Let s be f(4). What is the remainder when 67 is divided by u(s)?
16
Suppose w - 20 - 16 = -5*p, -4*w + 234 = 2*p. Suppose -90 = -5*u + 5*b, 4*u - b = -2*b + 62. What is the remainder when w is divided by u?
13
Let y(s) = -s**3 - 4. Let u be y(3). Let k = 56 + u. What is the remainder when 73 is divided by k?
23
Let f(v) = v**2 + 9*v - 3. Let t(o) = -o**2 + 10*o + 14. Let i be t(12). Calculate the remainder when f(i) is divided by 5.
2
Calculate the remainder when 29 is divided by (150/40)/((-3)/(-8)).
9
Suppose -4*m + 5*m = 33. Calculate the remainder when m is divided by 7.
5
Suppose 7 = 4*r - 4*y - 25, -4*r = -y - 23. Let i(g) = -g + 17. Calculate the remainder when i(9) is divided by r.
3
Let d be 14/((12/(-3))/2). Let q(f) = -4*f - 6. Suppose 5*p - 2*j = -5*j + 337, -4*j + 211 = 3*p. What is the remainder when p is divided by q(d)?
21
Let r be 6/(-21) + (-114)/(-7). Let l = r - 5. Suppose 13 = v - 7. What is the remainder when v is divided by l?
9
Suppose -j + y + 14 = -2*y, -2*y - 8 = -2*j. Calculate the remainder when j*(-1 + 1 + -70) is divided by 24.
22
Let j(u) be the first derivative of u**4/4 - 2*u**3/3 - u**2/2 - 2*u - 3. Let h be j(3). Let v = h - -12. Calculate the remainder when v is divided by 6.
4
Suppose -23 = -4*a - 3*s, -2*a - 2*s = 3*s - 1. Suppose -2*g + 4 + a = 0. Calculate the remainder when g is divided by 3.
0
Let l be -2 + (1 - (-4)/(-4)). Let n = l + 23. Calculate the remainder when 39 is divided by n.
18
Suppose 301 = 2*w - 3*s, -2*w + 157 = -5*s - 154. Calculate the remainder when w is divided by 29.
27
Suppose 2*b + 1144 = 10*b. Calculate the remainder when b is divided by 36.
35
Suppose -2*o + 2*f + 142 = 0, -3*o + 5*f + 213 = 3*f. What is the remainder when o is divided by 25?
21
Let i(a) be the first derivative of a**4/4 + a**3 - 2*a**2 - 2*a - 1. Calculate the remainder when 18 is divided by i(-3).
8
Let n = -12 + 35. Calculate the remainder when n is divided by 12.
11
Let y(s) = -2*s + 17. Let m(a) = -a + 9. Let v(c) = 5*m(c) - 3*y(c). Calculate the remainder when 10 is divided by v(9).
1
Suppose -4*f = 2*m + f - 95, -m + 4*f = -15. What is the remainder when 171 is divided by m?
31
Let n = 70 + -69. Let z = 10 + -15. Calculate the remainder when 2/5 + (-3)/z is divided by n.
0
Let x = -1 + 4. Calculate the remainder when 25 is divided by (-205)/(-15) - 2/x.
12
Let v = -3 + 4. Let j be (-3 - -145) + 0 + v. Suppose -3*i = 4*t - j, 4*t - 91 = t + i. What is the remainder when t is divided by 11?
10
Suppose -2 + 72 = 5*k. What is the remainder when 19 is divided by k + (-3 - (2 + -2))?
8
Let k(g) = -g**3 - 5*g**2 - g + 3. Let r be k(-3). Let c = -1 - r. Calculate the remainder when c is divided by 3.
2
Let k(b) = -14*b - 1. Let a be (1 + 6/(-4))*38. Calculate the remainder when ((3 - 2) + -3)*a is divided by k(-1).
12
Let z(s) = s**3 + 12*s**2 + 9*s + 6. Calculate the remainder when 77 is divided by z(-11).
21
Let s be ((-156)/(-8))/(3/8). Suppose -20 = -2*y + s. Let g = y - 24. Calculate the remainder when 47 is divided by g.
11
Suppose h + 2 + 0 = -2*u, 0 = -4*h - 8. Suppose 6*n - n - 15 = u. Suppose n + 55 = 2*a. What is the remainder when a is divided by 10?
9
Calculate the remainder when -3*(-2)/3 + 7 is divided by (110/(-77))/((-2)/7).
4
What is the remainder when 1*(1 + -2)*-45 is divided by 12?
9
Suppose 0 = -2*r - 2*g + 2, 0 = -5*r - 0*g - 4*g + 6. Suppose -x + 2*f + 30 = 1, -r*f - 10 = 0. What is the remainder when x is divided by 7?
5
Let i(a) = -a**2 + 6*a - 2. Let k be i(5). Suppose 4*n = 3*u + 1 + k, -3*n - 4*u + 3 = 0. Let m = n - -9. What is the remainder when 29 is divided by m?
9
Suppose -8 = 4*s, -2*n - 4 = -2*s - 184. Suppose -2*o = -4*y - n, 2*o = -2*o - 3*y + 165. Calculate the remainder when o is divided by 15.
12
Let s(v) = -v**3 + 3*v + 3. Let m be s(-2). Suppose 134 = 2*g + m*d - d, -d = 0. Calculate the remainder when g is divided by 23.
21
Suppose 5*d = 3*l + 2 - 0, -d - 2 = -3*l. Let q = d + 10. Calculate the remainder when (-96)/(-80)*(166/6 - 1) is divided by q.
10
What is the remainder when 204/7 + (-5)/35 is divided by 10?
9
Suppose 3*v - 4*j - 58 = -19, v - 13 = 2*j. Calculate the remainder when v is divided by 7.
6
Let s = 50 + -35. Suppose -4*q = -5*q - 5, 0 = y - q - 62. Calculate the remainder when y is divided by s.
12
Let y(k) = -k**2 - 8*k + 3. Let w = -21 - -13. Let a be y(w). Suppose -5*m + 4*p = -a*m + 16, 3*p = 2*m + 11. Calculate the remainder when 4 is divided by m.
0
Suppose 5*h = 2*h + 39. Let z be (-4)/(-2 - (-3 + 3)). Suppose -z*d + 4*x + 94 = 0, -5*d + 247 = -0*x + 2*x. Calculate the remainder when d is divided by h.
10
What is the remainder when 24 is divided by (0 + 1)/((-6)/(-84))?
10
Let t(b) = b**3 + 34*b**2 - 36*b - 13. Calculate the remainder when t(-35) is divided by 178/14 - (-8)/28.
9
Let r(d) = d**3 + 9*d**2 + 8*d - 9. Let g be r(-8). Let z(o) = -10*o**2 - 2 + 4*o**3 - 6*o**3 + o**3 - 10*o. What is the remainder when 12 is divided by z(g)?
5
Calculate the remainder when 78 is divided by (3/2 - 3)/(12/(-232)).
20
Suppose -n + 11 = -5*d + 28, -4*d + 1 = -5*n. Suppose j + 10 - 2 = d*t, 3*j - t - 9 = 0. Suppose -j*c + 2 = -86. What is the remainder when c is divided by 8?
6
Let y(d) = 5*d**2 - 3*d + 3. Let i = -10 + 37. Suppose -3*n = -0*n - i. Calculate the remainder when y(2) is divided by n.
8
Let v be (1/2)/((-2)/36). Let m(k) = 28*k - 5 + 2*k**2 + 19*k - 36*k. Calculate the remainder when m(v) is divided by 15.
13
Let z = -224 + 229. Let k = -2 - -2. Calculate the remainder when 19 + -2 + k/2 is divided by z.
2
Let w be (1*(1 + 46))/(-1). Let a be (-2)/(-7) + (-135)/7. Let o = a - w. What is the remainder when o is divided by 15?
13
Let x(u) = -3*u - 2. What is the remainder when x(-13) is divided by 13?
11
Suppose -13*n + 18*n = 90. Calculate the remainder when 35 is divided by n.
17
Calculate the remainder when 37 is divided by 0 + 2/3*15.
7
Let k = -34 - -60. Suppose -2*c + 3*c = k. Calculate the remainder when c is divided by (18/4)/((-3)